{"id":113,"date":"2016-06-12T20:40:58","date_gmt":"2016-06-12T20:40:58","guid":{"rendered":"http:\/\/conter.gov.br\/transparencia\/?page_id=113"},"modified":"2017-06-28T10:09:47","modified_gmt":"2017-06-28T10:09:47","slug":"consulta-publica","status":"publish","type":"page","link":"http:\/\/www.crtrsc.com.br\/transparencia\/consulta-publica\/","title":{"rendered":"CONSULTA P\u00daBLICA"},"content":{"rendered":"<p><strong><a href=\"http:\/\/www.crtrsc.com.br\/transparencia\/wp-content\/uploads\/2016\/06\/Pesquisa-Situa\u00e7\u00e3o-Profissional.pdf\" target=\"_blank\">Pesquisa de opini\u00e3o 2017<br \/>\n<\/a><br \/>\n<\/strong>Realizada com 1.868 profissionais para saber mais sobre a situa\u00e7\u00e3o econ\u00f4mica, o estado de seguran\u00e7a, a forma\u00e7\u00e3o profissional e o n\u00edvel de satisfa\u00e7\u00e3o dos trabalhadores<\/p>\n<hr \/>\n<p><strong><a href=\"http:\/\/conter.gov.br\/site\/noticia\/resultado-3\" target=\"_blank\">Perfil profissional da categoria &#8211; 2016<\/a><\/strong><\/p>\n<hr \/>\n<p><strong><a href=\"http:\/\/conter.gov.br\/site\/noticia\/resultado-2\" target=\"_blank\">Radiologia Industrial &#8211; 2015<\/a><\/strong><\/p>\n<p>&nbsp;<\/p>\n","protected":false},"excerpt":{"rendered":"<p>Pesquisa de opini\u00e3o 2017 Realizada com 1.868 profissionais para saber mais sobre a situa\u00e7\u00e3o econ\u00f4mica, o estado de seguran\u00e7a, a forma\u00e7\u00e3o profissional e o n\u00edvel de satisfa\u00e7\u00e3o dos trabalhadores Perfil profissional da categoria &#8211; 2016 Radiologia Industrial &#8211; 2015 &nbsp;<\/p>\n","protected":false},"author":1,"featured_media":0,"parent":0,"menu_order":0,"comment_status":"closed","ping_status":"closed","template":"","meta":[],"_links":{"self":[{"href":"http:\/\/www.crtrsc.com.br\/transparencia\/wp-json\/wp\/v2\/pages\/113"}],"collection":[{"href":"http:\/\/www.crtrsc.com.br\/transparencia\/wp-json\/wp\/v2\/pages"}],"about":[{"href":"http:\/\/www.crtrsc.com.br\/transparencia\/wp-json\/wp\/v2\/types\/page"}],"author":[{"embeddable":true,"href":"http:\/\/www.crtrsc.com.br\/transparencia\/wp-json\/wp\/v2\/users\/1"}],"replies":[{"embeddable":true,"href":"http:\/\/www.crtrsc.com.br\/transparencia\/wp-json\/wp\/v2\/comments?post=113"}],"version-history":[{"count":9,"href":"http:\/\/www.crtrsc.com.br\/transparencia\/wp-json\/wp\/v2\/pages\/113\/revisions"}],"predecessor-version":[{"id":2140,"href":"http:\/\/www.crtrsc.com.br\/transparencia\/wp-json\/wp\/v2\/pages\/113\/revisions\/2140"}],"wp:attachment":[{"href":"http:\/\/www.crtrsc.com.br\/transparencia\/wp-json\/wp\/v2\/media?parent=113"}],"curies":[{"name":"wp","href":"https:\/\/api.w.org\/{rel}","templated":true}]}}