{"id":174,"date":"2016-06-13T22:46:09","date_gmt":"2016-06-13T22:46:09","guid":{"rendered":"http:\/\/conter.gov.br\/transparencia\/?page_id=174"},"modified":"2023-04-09T22:34:02","modified_gmt":"2023-04-09T22:34:02","slug":"auxilio-representacao","status":"publish","type":"page","link":"http:\/\/www.crtrsc.com.br\/transparencia\/auxilio-representacao\/","title":{"rendered":"AUX\u00cdLIO REPRESENTA\u00c7\u00c3O"},"content":{"rendered":"\r\n<div class=\"wp-block-file\"><a href=\"http:\/\/www.crtrsc.com.br\/transparencia\/wp-content\/uploads\/2020\/03\/RAZ\u00c3O-AUXILIO-REPRESENTA\u00c7\u00d5ES-2019-1.pdf\">AUXILIO REPRESENTA\u00c7\u00c3O 2019<\/a><\/div>\r\n\r\n\r\n\r\n<div class=\"wp-block-file\"><a href=\"http:\/\/www.crtrsc.com.br\/transparencia\/wp-content\/uploads\/2021\/01\/AUXILIO-REPRESENTA\u00c7\u00c3O-2020.pdf\">AUXILIO REPRESENTA\u00c7\u00c3O 2020<\/a><\/div>\r\n<div><a href=\"http:\/\/www.crtrsc.com.br\/transparencia\/wp-content\/uploads\/2023\/04\/RAZ\u00c3O-AUXILIO-REPRESENTA\u00c7\u00c3O-2021.pdf\">AUXILIO REPRESENTA\u00c7\u00c3O 2021<\/a><\/div>\r\n<div><a href=\"http:\/\/www.crtrsc.com.br\/transparencia\/wp-content\/uploads\/2023\/04\/RAZ\u00c3O-AUXILIO-REPRESENTA\u00c7\u00c3O-2022.pdf\">AUXILIO REPRESENTA\u00c7\u00c3O 2022<\/a><\/div>\r\n<div><a href=\"http:\/\/www.crtrsc.com.br\/transparencia\/wp-content\/uploads\/2023\/04\/RAZ\u00c3O-AUXILIO-REPRESENTA\u00c7\u00c3O-2022.pdf\">AUXILIO REPRESENTA\u00c7\u00c3O 2023<\/a><\/div>\r\n","protected":false},"excerpt":{"rendered":"","protected":false},"author":1,"featured_media":0,"parent":0,"menu_order":0,"comment_status":"closed","ping_status":"closed","template":"","meta":[],"_links":{"self":[{"href":"http:\/\/www.crtrsc.com.br\/transparencia\/wp-json\/wp\/v2\/pages\/174"}],"collection":[{"href":"http:\/\/www.crtrsc.com.br\/transparencia\/wp-json\/wp\/v2\/pages"}],"about":[{"href":"http:\/\/www.crtrsc.com.br\/transparencia\/wp-json\/wp\/v2\/types\/page"}],"author":[{"embeddable":true,"href":"http:\/\/www.crtrsc.com.br\/transparencia\/wp-json\/wp\/v2\/users\/1"}],"replies":[{"embeddable":true,"href":"http:\/\/www.crtrsc.com.br\/transparencia\/wp-json\/wp\/v2\/comments?post=174"}],"version-history":[{"count":20,"href":"http:\/\/www.crtrsc.com.br\/transparencia\/wp-json\/wp\/v2\/pages\/174\/revisions"}],"predecessor-version":[{"id":3713,"href":"http:\/\/www.crtrsc.com.br\/transparencia\/wp-json\/wp\/v2\/pages\/174\/revisions\/3713"}],"wp:attachment":[{"href":"http:\/\/www.crtrsc.com.br\/transparencia\/wp-json\/wp\/v2\/media?parent=174"}],"curies":[{"name":"wp","href":"https:\/\/api.w.org\/{rel}","templated":true}]}}