{"id":32,"date":"2016-06-11T19:57:56","date_gmt":"2016-06-11T19:57:56","guid":{"rendered":"http:\/\/conter.gov.br\/transparencia\/?page_id=32"},"modified":"2019-04-29T16:32:19","modified_gmt":"2019-04-29T16:32:19","slug":"legislacao-2","status":"publish","type":"page","link":"http:\/\/www.crtrsc.com.br\/transparencia\/legislacao-2\/","title":{"rendered":"LEGISLA\u00c7\u00c3O"},"content":{"rendered":"<p><strong><a href=\"http:\/\/conter.gov.br\/site\/leis\" target=\"_blank\" rel=\"noopener\">Leis <\/a><\/strong><\/p>\n<p><strong><a href=\"http:\/\/conter.gov.br\/site\/decretos\" target=\"_blank\" rel=\"noopener\">Decretos<\/a><\/strong><\/p>\n<p><strong><a href=\"http:\/\/conter.gov.br\/site\/codigo_etico\" target=\"_blank\" rel=\"noopener\">C\u00f3digo \u00c9tico<\/a><\/strong><\/p>\n<p><a href=\"http:\/\/www.crtrsc.com.br\/transparencia\/portarias\/\"><strong>Portarias<\/strong><\/a><\/p>\n<p><strong><a href=\"http:\/\/conter.gov.br\/site\/regimentos\" target=\"_blank\" rel=\"noopener\">Regimentos<\/a><\/strong><\/p>\n<p><strong><a href=\"http:\/\/conter.gov.br\/site\/resolucoes\" target=\"_blank\" rel=\"noopener\">Resolu\u00e7\u00f5es<\/a><\/strong><\/p>\n<p><strong><a href=\"http:\/\/conter.gov.br\/transparencia\/acordos-de-cooperacao\/\" target=\"_blank\" rel=\"noopener\">Acordos do Coopera\u00e7\u00e3o<\/a><\/strong><\/p>\n","protected":false},"excerpt":{"rendered":"<p>Leis Decretos C\u00f3digo \u00c9tico Portarias Regimentos Resolu\u00e7\u00f5es Acordos do Coopera\u00e7\u00e3o<\/p>\n","protected":false},"author":1,"featured_media":0,"parent":0,"menu_order":0,"comment_status":"closed","ping_status":"closed","template":"","meta":[],"_links":{"self":[{"href":"http:\/\/www.crtrsc.com.br\/transparencia\/wp-json\/wp\/v2\/pages\/32"}],"collection":[{"href":"http:\/\/www.crtrsc.com.br\/transparencia\/wp-json\/wp\/v2\/pages"}],"about":[{"href":"http:\/\/www.crtrsc.com.br\/transparencia\/wp-json\/wp\/v2\/types\/page"}],"author":[{"embeddable":true,"href":"http:\/\/www.crtrsc.com.br\/transparencia\/wp-json\/wp\/v2\/users\/1"}],"replies":[{"embeddable":true,"href":"http:\/\/www.crtrsc.com.br\/transparencia\/wp-json\/wp\/v2\/comments?post=32"}],"version-history":[{"count":15,"href":"http:\/\/www.crtrsc.com.br\/transparencia\/wp-json\/wp\/v2\/pages\/32\/revisions"}],"predecessor-version":[{"id":3338,"href":"http:\/\/www.crtrsc.com.br\/transparencia\/wp-json\/wp\/v2\/pages\/32\/revisions\/3338"}],"wp:attachment":[{"href":"http:\/\/www.crtrsc.com.br\/transparencia\/wp-json\/wp\/v2\/media?parent=32"}],"curies":[{"name":"wp","href":"https:\/\/api.w.org\/{rel}","templated":true}]}}