{"id":34,"date":"2016-06-11T19:58:14","date_gmt":"2016-06-11T19:58:14","guid":{"rendered":"http:\/\/conter.gov.br\/transparencia\/?page_id=34"},"modified":"2019-04-29T16:47:26","modified_gmt":"2019-04-29T16:47:26","slug":"planejamento","status":"publish","type":"page","link":"http:\/\/www.crtrsc.com.br\/transparencia\/planejamento\/","title":{"rendered":"PLANEJAMENTO"},"content":{"rendered":"<p><a href=\"http:\/\/www.crtrsc.com.br\/transparencia\/previsao-orcamentaria\/\"><strong>Proposta Or\u00e7ament\u00e1ria<\/strong><\/a><\/p>\n<p><a href=\"http:\/\/www.crtrsc.com.br\/transparencia\/relatorio-de-atividades\/\"><strong>Relat\u00f3rio de Atividades<\/strong><\/a><\/p>\n<p><a href=\"http:\/\/www.crtrsc.com.br\/transparencia\/relatorio-de-auditorias-externas\/\"><strong>Relat\u00f3rio de Auditoria Externa<\/strong><\/a><\/p>\n<p><a href=\"http:\/\/www.crtrsc.com.br\/transparencia\/relatorio-de-auditoria-interna\/\"><strong>Relat\u00f3rio de Auditoria Interna<\/strong><\/a><\/p>\n<p><a href=\"http:\/\/www.crtrsc.com.br\/transparencia\/relatorios-de-gestao-e-prestacao-de-contas-ao-tcu-2\/\"><strong>Relat\u00f3rios de Gest\u00e3o e Presta\u00e7\u00e3o de Contas ao TCU<\/strong><\/a><\/p>\n","protected":false},"excerpt":{"rendered":"<p>Proposta Or\u00e7ament\u00e1ria Relat\u00f3rio de Atividades Relat\u00f3rio de Auditoria Externa Relat\u00f3rio de Auditoria Interna Relat\u00f3rios de Gest\u00e3o e Presta\u00e7\u00e3o de Contas ao TCU<\/p>\n","protected":false},"author":1,"featured_media":0,"parent":0,"menu_order":0,"comment_status":"closed","ping_status":"closed","template":"","meta":[],"_links":{"self":[{"href":"http:\/\/www.crtrsc.com.br\/transparencia\/wp-json\/wp\/v2\/pages\/34"}],"collection":[{"href":"http:\/\/www.crtrsc.com.br\/transparencia\/wp-json\/wp\/v2\/pages"}],"about":[{"href":"http:\/\/www.crtrsc.com.br\/transparencia\/wp-json\/wp\/v2\/types\/page"}],"author":[{"embeddable":true,"href":"http:\/\/www.crtrsc.com.br\/transparencia\/wp-json\/wp\/v2\/users\/1"}],"replies":[{"embeddable":true,"href":"http:\/\/www.crtrsc.com.br\/transparencia\/wp-json\/wp\/v2\/comments?post=34"}],"version-history":[{"count":4,"href":"http:\/\/www.crtrsc.com.br\/transparencia\/wp-json\/wp\/v2\/pages\/34\/revisions"}],"predecessor-version":[{"id":3340,"href":"http:\/\/www.crtrsc.com.br\/transparencia\/wp-json\/wp\/v2\/pages\/34\/revisions\/3340"}],"wp:attachment":[{"href":"http:\/\/www.crtrsc.com.br\/transparencia\/wp-json\/wp\/v2\/media?parent=34"}],"curies":[{"name":"wp","href":"https:\/\/api.w.org\/{rel}","templated":true}]}}