{"id":60,"date":"2016-06-11T20:05:03","date_gmt":"2016-06-11T20:05:03","guid":{"rendered":"http:\/\/conter.gov.br\/transparencia\/?page_id=60"},"modified":"2019-04-29T17:30:05","modified_gmt":"2019-04-29T17:30:05","slug":"nossa-historia","status":"publish","type":"page","link":"http:\/\/www.crtrsc.com.br\/transparencia\/nossa-historia\/","title":{"rendered":""},"content":{"rendered":"<h1 style=\"text-align: center;\"><strong>NOSSA HIST\u00d3RIA<\/strong><\/h1>\n<p style=\"text-align: center;\"><em><strong>O CONSELHO REGIONAL DE T\u00c9CNICOS EM RADIOLOGIA DA 11\u00aa REGI\u00c3O \u2013JURISDI\u00c7\u00c3O DE SANTA CATARINA<\/strong>, Autarquia P\u00fablica Federal, criada pela Resolu\u00e7\u00e3o CONTERn.\u00ba 10 de 23 de fevereiro de 1991, sob o ordenamento jur\u00eddico da lei 7.394 de 29 de outubro de 1985,regulamentada pelo Decreto n.\u00ba 92.790 de 17 de junho de 1986 e regimento Interno aprovado pela resolu\u00e7\u00e3o CONTER n.\u00ba 03 de 22 de fevereiro de 1997, publicado no DOU de 11\/04\/97, \u00e9 uma Autarquia Especial, com autonomia administrativa e financeira, haja vista que n\u00e3o possui dota\u00e7\u00e3o or\u00e7ament\u00e1ria igual as demais Autarquias governamentais. O Conselho Regional de T\u00e9cnicos em Radiologia da 11\u00aa Regi\u00e3o\/SC, com sede em Florian\u00f3polis\/SC e jurisdi\u00e7\u00e3o em Santa Catarina, \u00e9 dotado de personalidade jur\u00eddica de direito p\u00fablico, com autonomia administrativa e constitui, juntamente com o Conselho Nacional de T\u00e9cnicos em Radiologia e demais Regionais uma Autarquia Federal, criada pelo artigo 12, da Lei n\u00ba 7.394, de 29 de outubro de 1985. O Conselho Regional de T\u00e9cnico em Radiologia-11\u00aa Regi\u00e3o comp\u00f5e-se de Corpo de Conselheiros, Diretoria, Comiss\u00f5es, Servi\u00e7os. Os conselhos profissionais regulat\u00f3rios das profiss\u00f5es liberais s\u00e3o pessoas jur\u00eddicas que visam \u00e0 defesa dos interesses econ\u00f4micos, pol\u00edticos, sociais e laborais da classe profissional, bem como se destinam a fiscaliza\u00e7\u00e3o do exerc\u00edcio das respectivas profiss\u00f5es. Enquanto tal, os aludidos \u00f3rg\u00e3os s\u00e3o entes jur\u00eddicos dotados de patrim\u00f4nio e recursos financeiros pr\u00f3prios, bem como de pessoal que labora com a miss\u00e3o espec\u00edfica de cumprir os objetivos de tais entidades. Os Conselhos, portanto, exercem atividades de interesse p\u00fablico, e fun\u00e7\u00e3o tipicamente p\u00fablica. Geram recursos p\u00fablicos, revertem-se de natureza aut\u00e1rquica e regem-se pelas regras do Direito P\u00fablico.<\/em><\/p>\n<p style=\"text-align: center;\"><strong><em>Vis\u00e3o<\/em><\/strong><br \/>\n<em>Promover em conson\u00e2ncia\u00a0com as normas do CONTER, a\u00e7\u00f5es educativas e de fiscaliza\u00e7\u00e3o para a atualiza\u00e7\u00e3o e amplia\u00e7\u00e3o\u00a0do conhecimento t\u00e9cnico, \u00e9tico e legal dos profissionais das T\u00e9cnicas Radiol\u00f3gicas, favorecendo a presta\u00e7\u00e3o de assist\u00eancia de qualidade a sociedade catarinense.<\/em><\/p>\n<p style=\"text-align: center;\"><strong><em>Miss\u00e3o<\/em><\/strong><br \/>\n<em>Fiscalizar o exerc\u00edcio profissional e zelar pela qualidade dos profissionais, pelo respeito ao C\u00f3digo de \u00c9tica dos Profissionais em Radiologia e cumprimento da Lei do Exerc\u00edcio Profissional (Lei 7.394 De 29\/10\/1985)<\/em><\/p>\n<p style=\"text-align: center;\"><strong><em>Valores<\/em><\/strong><br \/>\n<em>\u00c9tica como princ\u00edpio fundamental. Transpar\u00eancia em suas a\u00e7\u00f5es Compromisso com a boa imagem dos profissionais das T\u00e9cnicas Radiol\u00f3gicas Integridade e decoro Reconhecimento e visibilidade \u00e0 Classe<\/em><\/p>\n","protected":false},"excerpt":{"rendered":"<p>NOSSA HIST\u00d3RIA O CONSELHO REGIONAL DE T\u00c9CNICOS EM RADIOLOGIA DA 11\u00aa REGI\u00c3O \u2013JURISDI\u00c7\u00c3O DE SANTA CATARINA, Autarquia P\u00fablica Federal, criada pela Resolu\u00e7\u00e3o CONTERn.\u00ba 10 de 23 de fevereiro de 1991, sob o ordenamento jur\u00eddico da lei 7.394 de 29 de outubro de 1985,regulamentada pelo Decreto n.\u00ba 92.790 de 17 de junho de 1986 e regimento &hellip; <a href=\"http:\/\/www.crtrsc.com.br\/transparencia\/nossa-historia\/\" class=\"more-link\">Continue lendo <span class=\"screen-reader-text\"><\/span> <span class=\"meta-nav\">&rarr;<\/span><\/a><\/p>\n","protected":false},"author":1,"featured_media":0,"parent":0,"menu_order":0,"comment_status":"closed","ping_status":"closed","template":"","meta":[],"_links":{"self":[{"href":"http:\/\/www.crtrsc.com.br\/transparencia\/wp-json\/wp\/v2\/pages\/60"}],"collection":[{"href":"http:\/\/www.crtrsc.com.br\/transparencia\/wp-json\/wp\/v2\/pages"}],"about":[{"href":"http:\/\/www.crtrsc.com.br\/transparencia\/wp-json\/wp\/v2\/types\/page"}],"author":[{"embeddable":true,"href":"http:\/\/www.crtrsc.com.br\/transparencia\/wp-json\/wp\/v2\/users\/1"}],"replies":[{"embeddable":true,"href":"http:\/\/www.crtrsc.com.br\/transparencia\/wp-json\/wp\/v2\/comments?post=60"}],"version-history":[{"count":22,"href":"http:\/\/www.crtrsc.com.br\/transparencia\/wp-json\/wp\/v2\/pages\/60\/revisions"}],"predecessor-version":[{"id":3346,"href":"http:\/\/www.crtrsc.com.br\/transparencia\/wp-json\/wp\/v2\/pages\/60\/revisions\/3346"}],"wp:attachment":[{"href":"http:\/\/www.crtrsc.com.br\/transparencia\/wp-json\/wp\/v2\/media?parent=60"}],"curies":[{"name":"wp","href":"https:\/\/api.w.org\/{rel}","templated":true}]}}